a multiple of 17?
True
Is 280 a multiple of 8?
True
Is 13 a factor of 2169?
False
Is 20591 a multiple of 92?
False
Is 6 a factor of 16970?
False
Is 1560 a multiple of 104?
True
Is 34586 a multiple of 86?
False
Is 49 a factor of 3136?
True
Does 19 divide 5655?
False
Is 399 a multiple of 19?
True
Is 3840 a multiple of 24?
True
Does 10 divide 2464?
False
Does 39 divide 6123?
True
Is 17915 a multiple of 177?
False
Is 132 a multiple of 23?
False
Is 49 a factor of 1617?
True
Does 12 divide 66?
False
Is 13 a factor of 366?
False
Is 2010 a multiple of 5?
True
Is 19 a factor of 65056?
True
Is 37464 a multiple of 6?
True
Does 26 divide 147?
False
Is 3432 a multiple of 4?
True
Is 81 a factor of 4050?
True
Does 4 divide 6395?
False
Is 30 a factor of 254?
False
Is 154 a multiple of 3?
False
Does 18 divide 452?
False
Does 26 divide 65450?
False
Is 2132 a multiple of 13?
True
Is 48681 a multiple of 24?
False
Is 3675 a multiple of 31?
False
Is 60 a multiple of 4?
True
Does 88 divide 81752?
True
Does 167 divide 7014?
True
Does 6 divide 4362?
True
Is 10 a factor of 620?
True
Is 181 a factor of 32170?
False
Is 20 a factor of 1260?
True
Is 39508 a multiple of 28?
True
Does 35 divide 761?
False
Is 3045 a multiple of 80?
False
Is 29 a factor of 377?
True
Is 2784 a multiple of 116?
True
Is 18 a factor of 552?
False
Is 2291 a multiple of 79?
True
Is 21 a factor of 2851?
False
Does 96 divide 1056?
True
Is 88118 a multiple of 21?
False
Is 8961 a multiple of 87?
True
Is 5 a factor of 380?
True
Is 3 a factor of 243?
True
Is 74 a factor of 18648?
True
Does 19 divide 2147?
True
Is 65 a factor of 2535?
True
Is 10 a factor of 730?
True
Does 2 divide 18721?
False
Does 68 divide 1603?
False
Is 1586 a multiple of 13?
True
Is 51 a factor of 3288?
False
Is 3505 a multiple of 43?
False
Is 24 a factor of 714?
False
Does 6 divide 292?
False
Is 4940 a multiple of 130?
True
Is 12700 a multiple of 40?
False
Is 726 a multiple of 121?
True
Is 252 a multiple of 6?
True
Is 48 a factor of 13585?
False
Is 135 a multiple of 9?
True
Does 152 divide 82435?
False
Is 12 a factor of 13572?
True
Does 6 divide 39018?
True
Does 4 divide 15840?
True
Is 955 a multiple of 16?
False
Is 14 a factor of 196?
True
Does 47 divide 987?
True
Is 241 a multiple of 5?
False
Is 835 a multiple of 3?
False
Is 4 a factor of 3858?
False
Is 971 a multiple of 15?
False
Does 143 divide 62039?
False
Is 1377 a multiple of 51?
True
Is 18 a factor of 455?
False
Is 23 a factor of 3519?
True
Does 155 divide 2444?
False
Is 16 a factor of 19191?
False
Does 207 divide 27531?
True
Does 21 divide 1117?
False
Does 22 divide 418?
True
Does 59 divide 708?
True
Is 396 a multiple of 22?
True
Is 3142 a multiple of 105?
False
Is 1930 a multiple of 5?
True
Is 6 a factor of 20?
False
Does 8 divide 144?
True
Does 5 divide 332?
False
Is 1926 a multiple of 4?
False
Is 20 a factor of 9911?
False
Is 67 a factor of 10910?
False
Is 1168 a multiple of 42?
False
Is 29 a factor of 377?
True
Does 4 divide 1388?
True
Is 29 a factor of 15921?
True
Does 10 divide 11469?
False
Is 30 a factor of 3390?
True
Is 37572 a multiple of 321?
False
Is 25 a factor of 700?
True
Is 192 a multiple of 36?
False
Is 3 a factor of 1430?
False
Does 15 divide 4200?
True
Does 11 divide 414?
False
Is 214 a multiple of 12?
False
Is 14 a factor of 2825?
False
Is 1804 a multiple of 22?
True
Is 3082 a multiple of 23?
True
Is 34 a factor of 1018?
False
Does 43 divide 18146?
True
Does 30 divide 960?
True
Is 912 a multiple of 19?
True
Is 623 even?
False
Is 45 a factor of 30915?
True
Is 7 a factor of 5743?
False
Is 19260 a multiple of 3?
True
Is 15 a factor of 5010?
True
Does 9 divide 1451?
False
Does 4 divide 79?
False
Is 20 a factor of 25620?
True
Is 199 even?
False
Is 168 a multiple of 8?
True
Is 79 a factor of 868?
False
Does 11 divide 729?
False
Is 48 a factor of 9251?
False
Is 17556 a multiple of 38?
True
Is 106 a multiple of 75?
False
Is 1772 a multiple of 71?
False
Is 734 a multiple of 46?
False
Is 47 a factor of 18801?
False
Is 592 a multiple of 17?
False
Is 872 a multiple of 30?
False
Does 35 divide 98?
False
Is 25573 a multiple of 19?
False
Does 25 divide 125?
True
Does 4 divide 40?
True
Does 3 divide 2601?
True
Is 660 a multiple of 33?
True
Is 31 a factor of 114?
False
Is 15263 a multiple of 16?
False
Is 711 a multiple of 9?
True
Does 27 divide 12123?
True
Does 15 divide 5207?
False
Is 630 a multiple of 5?
True
Is 28 a factor of 112?
True
Is 12 a factor of 2344?
False
Does 46 divide 17398?
False
Is 194 a multiple of 3?
False
Is 20 a factor of 330?
False
Is 16 a factor of 2592?
True
Is 67 a factor of 670?
True
Is 288 a multiple of 8?
True
Does 7 divide 65?
False
Is 197 a factor of 4334?
True
Is 25 a factor of 120320?
False
Does 11 divide 814?
True
Does 63 divide 6995?
False
Is 18 a factor of 513?
False
Is 24256 a multiple of 32?
True
Is 7 a factor of 1188?
False
Is 96 a factor of 18720?
True
Is 26775 a multiple of 63?
True
Does 34 divide 816?
True
Does 13 divide 1796?
False
Is 58 a factor of 12470?
True
Is 66 a factor of 6732?
True
Is 47480 a multiple of 73?
False
Does 37 divide 111?
True
Does 55 divide 1485?
True
Is 2636 a multiple of 34?
False
Is 63146 a multiple of 15?
False
Is 1204 a multiple of 86?
True
Is 260 a multiple of 35?
False
Does 61 divide 11956?
True
Does 11 divide 337?
False
Is 91 a factor of 1547?
True
Is 32 a factor of 26880?
True
Is 31 a factor of 589?
True
Is 9 a factor of 7290?
True
Is 3135 a multiple of 19?
True
Is 12461 a multiple of 86?
False
Is 22 a factor of 13334?
False
Is 47680 a multiple of 10?
True
Does 123 divide 7011?
True
Is 41 a factor of 10701?
True
Does 34 divide 850?
True
Is 56 a factor of 280?
True
Is 17 a factor of 3655?
True
Is 24 a multiple of 23?
False
Is 17887 a multiple of 20?
False
Does 7 divide 329?
True
Is 1620 a multiple of 17?
False
Does 152 divide 1216?
True
Does 104 divide 31861?
False
Is 150 a multiple of 3?
True
Is 34 a factor of 3060?
True
Does 7 divide 2703?
False
Is 1264 a multiple of 82?
False
Is 25944 a multiple of 138?
True
Does 9 divide 2349?
True
Does 8 divide 4552?
True
Is 3372 a multiple of 12?
True
Does 35 divide 840?
True
Does 21 divide 5056?
False
Is 13 a factor of 104728?
True
Is 6 a factor of 517?
False
Is 1872 a multiple of 8?
True
Does 4 divide 587?
False
Does 5 divide 147?
False
Is 17 a factor of 3536?
True
Does 77 divide 9548?
True
Is 32 a factor of 276?
False
Is 189 a factor of 15687?
True
Is 8280 a multiple of 56?
False
Does 81 divide 1857?
False
Is 26 a factor of 3822?
True
Is 96 a factor of 2112?
True
Is 7 a factor of 546?
True
Is 18496 a multiple of 16?
True
Is 61 a factor of 31513?
False
Is 42 a factor of 2562?
True
Is 61 a multiple of 5?
False
Is 18096 a multiple of 12?
True
Is 15 a factor of 35268?
False
Is 3573 a multiple of 9?
True
Is 7 a factor of 539?
True
Is 67218 a multiple of 34?
True
Is 3 a factor of 936?
True
Does 23 divide 15403?
False
Is 5 a factor of 265?
True
Is 21070 a multiple of 86?
True
Is 9398 a multiple of 74?
True
Is 3200 a multiple of 32?
True
Does 27 divide 9018?
True
Is 3514 a multiple of 14?
True
Does 3 divide 1113?
True
Is 8 a factor of 32?
True
Does 13 divide 27435?
False
Is 3855 a multiple of 7?
False
Does 67 divide 1139?
True
Is 10 a factor of 32?
False
Is 4 a factor of 4244?
True
Is 132 a multiple of 6?
True
Does 68 divide 2577?
False
Is 690 a multiple of 89?
False
Is 3102 a multiple of 47?
True
Is 1250 a multiple of 108?
False
Is 1279 a multiple of 24?
False
Is 2 a factor of 1572?
True
Does 2 divide 14?
True
Is 448 a multiple of 2?
True
Is 127 a multiple of 24?
False
Is 21 a factor of 3066?
True
Is 469 a multiple of 66?
False
Is 6 a factor of 776?
False
Does 25 divide 42350?
True
Does 25 divide 54511?
False
Is 22452 a multiple of 219?
False
Is 62 a factor of 1209?
False
Is 11 a factor of 396?
True
Is 33 a factor of 3759?
False
Does 22 divide 1056?
True
Is 2156 a multiple of 7?
True
Is 19845 a multiple of 27?
True
Is 988 a multiple of 38?
True
Is 28 a factor of 1512?
True
Does 12 divide 3921?
False
Is 10553 a multiple of 97?
False
Is 560 a multiple of 28?
True
Is 17800 a multiple of 20?
True
Does 58 divide 57003?
False
Is 1959 a multiple of 27?
False
Is 8 a factor of 43422?
False
Is 85265 a multiple of 14?
False
Is 80212 a multiple of 36?
False
Does 12 divide 445